{"id":26,"date":"2024-11-25T19:32:13","date_gmt":"2024-11-25T19:32:13","guid":{"rendered":"https:\/\/slug.lindhesidan.se\/?page_id=26"},"modified":"2025-10-14T15:53:13","modified_gmt":"2025-10-14T15:53:13","slug":"foglimning-ar-7","status":"publish","type":"page","link":"https:\/\/slug.lindhesidan.se\/?page_id=26","title":{"rendered":"Foglimning av sk\u00e4rb\u00e4da"},"content":{"rendered":"\n<p>Detta tema \u00e4r att du kan f\u00e5 pr\u00f6va p\u00e5 olika former av limfogar som kan bli i stort vad som helst. Grundkonceptet \u00e4r att tillverka sin egen design i form av en sk\u00e4rbr\u00e4da. Om Du vill utveckla en egen design d\u00e4r foglimning ing\u00e5r, s\u00e5 \u00e4r det helt okej. Men d\u00e5 kr\u00e4vs mer sj\u00e4lvst\u00e4ndigt arbete, s\u00e5 starta inte upp f\u00f6r sv\u00e5ra projekt. Vi t\u00e4nker p\u00e5 milj\u00f6n, med s\u00e5 lite spill som m\u00f6jligt. Hellre enkelt projekt som anv\u00e4nds i k\u00f6ket i m\u00e5nga \u00e5r fram\u00f6ver.<\/p>\n\n\n\n<figure class=\"wp-block-gallery has-nested-images columns-default is-cropped wp-block-gallery-1 is-layout-flex wp-block-gallery-is-layout-flex\">\n<figure class=\"wp-block-image size-large\"><img loading=\"lazy\" decoding=\"async\" width=\"768\" height=\"1024\" data-id=\"29\" src=\"https:\/\/slug.lindhesidan.se\/wp-content\/uploads\/2024\/11\/IMG_9469-768x1024.jpg\" alt=\"\" class=\"wp-image-29\" srcset=\"https:\/\/slug.lindhesidan.se\/wp-content\/uploads\/2024\/11\/IMG_9469-768x1024.jpg 768w, https:\/\/slug.lindhesidan.se\/wp-content\/uploads\/2024\/11\/IMG_9469-225x300.jpg 225w, https:\/\/slug.lindhesidan.se\/wp-content\/uploads\/2024\/11\/IMG_9469-1152x1536.jpg 1152w, https:\/\/slug.lindhesidan.se\/wp-content\/uploads\/2024\/11\/IMG_9469-1536x2048.jpg 1536w, https:\/\/slug.lindhesidan.se\/wp-content\/uploads\/2024\/11\/IMG_9469-scaled.jpg 1920w\" sizes=\"auto, (max-width: 768px) 100vw, 768px\" \/><\/figure>\n\n\n\n<figure class=\"wp-block-image size-large\"><img loading=\"lazy\" decoding=\"async\" width=\"1024\" height=\"754\" data-id=\"28\" src=\"https:\/\/slug.lindhesidan.se\/wp-content\/uploads\/2024\/11\/IMG_8880-1024x754.jpg\" alt=\"\" class=\"wp-image-28\" srcset=\"https:\/\/slug.lindhesidan.se\/wp-content\/uploads\/2024\/11\/IMG_8880-1024x754.jpg 1024w, https:\/\/slug.lindhesidan.se\/wp-content\/uploads\/2024\/11\/IMG_8880-300x221.jpg 300w, https:\/\/slug.lindhesidan.se\/wp-content\/uploads\/2024\/11\/IMG_8880-768x566.jpg 768w, https:\/\/slug.lindhesidan.se\/wp-content\/uploads\/2024\/11\/IMG_8880-1536x1131.jpg 1536w, https:\/\/slug.lindhesidan.se\/wp-content\/uploads\/2024\/11\/IMG_8880-2048x1508.jpg 2048w\" sizes=\"auto, (max-width: 1024px) 100vw, 1024px\" \/><\/figure>\n\n\n\n<figure class=\"wp-block-image size-large\"><img loading=\"lazy\" decoding=\"async\" width=\"768\" height=\"1024\" data-id=\"30\" src=\"https:\/\/slug.lindhesidan.se\/wp-content\/uploads\/2024\/11\/IMG_7652-768x1024.jpg\" alt=\"\" class=\"wp-image-30\" srcset=\"https:\/\/slug.lindhesidan.se\/wp-content\/uploads\/2024\/11\/IMG_7652-768x1024.jpg 768w, https:\/\/slug.lindhesidan.se\/wp-content\/uploads\/2024\/11\/IMG_7652-225x300.jpg 225w, https:\/\/slug.lindhesidan.se\/wp-content\/uploads\/2024\/11\/IMG_7652-1152x1536.jpg 1152w, https:\/\/slug.lindhesidan.se\/wp-content\/uploads\/2024\/11\/IMG_7652-1536x2048.jpg 1536w, https:\/\/slug.lindhesidan.se\/wp-content\/uploads\/2024\/11\/IMG_7652-scaled.jpg 1920w\" sizes=\"auto, (max-width: 768px) 100vw, 768px\" \/><\/figure>\n\n\n\n<figure class=\"wp-block-image size-large\"><img loading=\"lazy\" decoding=\"async\" width=\"768\" height=\"1024\" data-id=\"52\" src=\"https:\/\/slug.lindhesidan.se\/wp-content\/uploads\/2025\/01\/Bricka1-768x1024.jpg\" alt=\"\" class=\"wp-image-52\" srcset=\"https:\/\/slug.lindhesidan.se\/wp-content\/uploads\/2025\/01\/Bricka1-768x1024.jpg 768w, https:\/\/slug.lindhesidan.se\/wp-content\/uploads\/2025\/01\/Bricka1-225x300.jpg 225w, https:\/\/slug.lindhesidan.se\/wp-content\/uploads\/2025\/01\/Bricka1-1152x1536.jpg 1152w, https:\/\/slug.lindhesidan.se\/wp-content\/uploads\/2025\/01\/Bricka1-1536x2048.jpg 1536w, https:\/\/slug.lindhesidan.se\/wp-content\/uploads\/2025\/01\/Bricka1-scaled.jpg 1920w\" sizes=\"auto, (max-width: 768px) 100vw, 768px\" \/><\/figure>\n<\/figure>\n\n\n\n<p>Klicka p\u00e5 bilderna nedan f\u00f6r att se vilket virke och vilka tekniker vi ska anv\u00e4nda.<\/p>\n\n\n\n<figure class=\"wp-block-gallery has-nested-images columns-default is-cropped wp-block-gallery-2 is-layout-flex wp-block-gallery-is-layout-flex\">\n<figure class=\"wp-block-image size-large\"><a href=\"https:\/\/www.youtube.com\/watch?v=c60pQyeuMa0\" target=\"_blank\" rel=\" noreferrer noopener\"><img loading=\"lazy\" decoding=\"async\" width=\"768\" height=\"1024\" data-id=\"44\" src=\"https:\/\/slug.lindhesidan.se\/wp-content\/uploads\/2025\/01\/Alplanka-768x1024.jpg\" alt=\"\" class=\"wp-image-44\" srcset=\"https:\/\/slug.lindhesidan.se\/wp-content\/uploads\/2025\/01\/Alplanka-768x1024.jpg 768w, https:\/\/slug.lindhesidan.se\/wp-content\/uploads\/2025\/01\/Alplanka-225x300.jpg 225w, https:\/\/slug.lindhesidan.se\/wp-content\/uploads\/2025\/01\/Alplanka-1152x1536.jpg 1152w, https:\/\/slug.lindhesidan.se\/wp-content\/uploads\/2025\/01\/Alplanka-1536x2048.jpg 1536w, https:\/\/slug.lindhesidan.se\/wp-content\/uploads\/2025\/01\/Alplanka-scaled.jpg 1920w\" sizes=\"auto, (max-width: 768px) 100vw, 768px\" \/><\/a><figcaption class=\"wp-element-caption\">Virket Al R\u00f6dgult _Halvmjukt<\/figcaption><\/figure>\n\n\n\n<figure class=\"wp-block-image size-large\"><a href=\"https:\/\/www.youtube.com\/watch?v=TLfxg4iaWgU\" target=\"_blank\" rel=\" noreferrer noopener\"><img loading=\"lazy\" decoding=\"async\" width=\"1024\" height=\"768\" data-id=\"45\" src=\"https:\/\/slug.lindhesidan.se\/wp-content\/uploads\/2025\/01\/lindplanka-1024x768.jpg\" alt=\"\" class=\"wp-image-45\" srcset=\"https:\/\/slug.lindhesidan.se\/wp-content\/uploads\/2025\/01\/lindplanka-1024x768.jpg 1024w, https:\/\/slug.lindhesidan.se\/wp-content\/uploads\/2025\/01\/lindplanka-300x225.jpg 300w, https:\/\/slug.lindhesidan.se\/wp-content\/uploads\/2025\/01\/lindplanka-768x576.jpg 768w, https:\/\/slug.lindhesidan.se\/wp-content\/uploads\/2025\/01\/lindplanka-1536x1152.jpg 1536w, https:\/\/slug.lindhesidan.se\/wp-content\/uploads\/2025\/01\/lindplanka-2048x1536.jpg 2048w\" sizes=\"auto, (max-width: 1024px) 100vw, 1024px\" \/><\/a><figcaption class=\"wp-element-caption\">Virket Lind Ljust_mjukt<\/figcaption><\/figure>\n\n\n\n<figure class=\"wp-block-image size-large\"><a href=\"https:\/\/slug.lindhesidan.se\/?page_id=91\"><img loading=\"lazy\" decoding=\"async\" width=\"1024\" height=\"768\" data-id=\"46\" src=\"https:\/\/slug.lindhesidan.se\/wp-content\/uploads\/2025\/01\/foglimningex1-1024x768.jpg\" alt=\"\" class=\"wp-image-46\" srcset=\"https:\/\/slug.lindhesidan.se\/wp-content\/uploads\/2025\/01\/foglimningex1-1024x768.jpg 1024w, https:\/\/slug.lindhesidan.se\/wp-content\/uploads\/2025\/01\/foglimningex1-300x225.jpg 300w, https:\/\/slug.lindhesidan.se\/wp-content\/uploads\/2025\/01\/foglimningex1-768x576.jpg 768w, https:\/\/slug.lindhesidan.se\/wp-content\/uploads\/2025\/01\/foglimningex1-1536x1152.jpg 1536w, https:\/\/slug.lindhesidan.se\/wp-content\/uploads\/2025\/01\/foglimningex1-2048x1536.jpg 2048w\" sizes=\"auto, (max-width: 1024px) 100vw, 1024px\" \/><\/a><figcaption class=\"wp-element-caption\">Limtekniken Foglimma<\/figcaption><\/figure>\n\n\n\n<figure class=\"wp-block-image size-large\"><img loading=\"lazy\" decoding=\"async\" width=\"1024\" height=\"768\" data-id=\"47\" src=\"https:\/\/slug.lindhesidan.se\/wp-content\/uploads\/2025\/01\/Slipordningen-1024x768.jpg\" alt=\"\" class=\"wp-image-47\" srcset=\"https:\/\/slug.lindhesidan.se\/wp-content\/uploads\/2025\/01\/Slipordningen-1024x768.jpg 1024w, https:\/\/slug.lindhesidan.se\/wp-content\/uploads\/2025\/01\/Slipordningen-300x225.jpg 300w, https:\/\/slug.lindhesidan.se\/wp-content\/uploads\/2025\/01\/Slipordningen-768x576.jpg 768w, https:\/\/slug.lindhesidan.se\/wp-content\/uploads\/2025\/01\/Slipordningen-1536x1152.jpg 1536w, https:\/\/slug.lindhesidan.se\/wp-content\/uploads\/2025\/01\/Slipordningen-2048x1536.jpg 2048w\" sizes=\"auto, (max-width: 1024px) 100vw, 1024px\" \/><figcaption class=\"wp-element-caption\">Forma_Slipa<\/figcaption><\/figure>\n\n\n\n<figure class=\"wp-block-image size-large\"><a href=\"https:\/\/slug.lindhesidan.se\/?page_id=56\"><img decoding=\"async\" data-id=\"48\" src=\"https:\/\/slug.lindhesidan.se\/wp-content\/uploads\/2025\/01\/makitahanfras-768x1024.jpg\" alt=\"\" class=\"wp-image-48\"\/><\/a><figcaption class=\"wp-element-caption\">Anv\u00e4nd Handmaskiner<\/figcaption><\/figure>\n\n\n\n<figure class=\"wp-block-image size-large\"><img loading=\"lazy\" decoding=\"async\" width=\"768\" height=\"1024\" data-id=\"49\" src=\"https:\/\/slug.lindhesidan.se\/wp-content\/uploads\/2025\/01\/Kryssmata_cirkel-768x1024.jpg\" alt=\"\" class=\"wp-image-49\" srcset=\"https:\/\/slug.lindhesidan.se\/wp-content\/uploads\/2025\/01\/Kryssmata_cirkel-768x1024.jpg 768w, https:\/\/slug.lindhesidan.se\/wp-content\/uploads\/2025\/01\/Kryssmata_cirkel-225x300.jpg 225w, https:\/\/slug.lindhesidan.se\/wp-content\/uploads\/2025\/01\/Kryssmata_cirkel-1152x1536.jpg 1152w, https:\/\/slug.lindhesidan.se\/wp-content\/uploads\/2025\/01\/Kryssmata_cirkel-1536x2048.jpg 1536w, https:\/\/slug.lindhesidan.se\/wp-content\/uploads\/2025\/01\/Kryssmata_cirkel-scaled.jpg 1920w\" sizes=\"auto, (max-width: 768px) 100vw, 768px\" \/><figcaption class=\"wp-element-caption\">M\u00e4ttekniker<\/figcaption><\/figure>\n\n\n\n<figure class=\"wp-block-image size-large\"><img loading=\"lazy\" decoding=\"async\" width=\"1024\" height=\"768\" data-id=\"61\" src=\"https:\/\/slug.lindhesidan.se\/wp-content\/uploads\/2025\/01\/Riktplan_mortens-1024x768.jpg\" alt=\"\" class=\"wp-image-61\" srcset=\"https:\/\/slug.lindhesidan.se\/wp-content\/uploads\/2025\/01\/Riktplan_mortens-1024x768.jpg 1024w, https:\/\/slug.lindhesidan.se\/wp-content\/uploads\/2025\/01\/Riktplan_mortens-300x225.jpg 300w, https:\/\/slug.lindhesidan.se\/wp-content\/uploads\/2025\/01\/Riktplan_mortens-768x576.jpg 768w, https:\/\/slug.lindhesidan.se\/wp-content\/uploads\/2025\/01\/Riktplan_mortens-1536x1152.jpg 1536w, https:\/\/slug.lindhesidan.se\/wp-content\/uploads\/2025\/01\/Riktplan_mortens-2048x1536.jpg 2048w\" sizes=\"auto, (max-width: 1024px) 100vw, 1024px\" \/><figcaption class=\"wp-element-caption\">Maskiner<\/figcaption><\/figure>\n<\/figure>\n\n\n\n<p><\/p>\n","protected":false},"excerpt":{"rendered":"<p>Detta tema \u00e4r att du kan f\u00e5 pr\u00f6va p\u00e5 olika former av limfogar som kan bli i stort vad som helst. Grundkonceptet \u00e4r att tillverka sin egen design i form av en sk\u00e4rbr\u00e4da. Om Du vill utveckla en egen design d\u00e4r foglimning ing\u00e5r, s\u00e5 \u00e4r det helt okej. Men d\u00e5 kr\u00e4vs mer sj\u00e4lvst\u00e4ndigt arbete, s\u00e5 [&hellip;]<\/p>\n","protected":false},"author":2,"featured_media":0,"parent":157,"menu_order":0,"comment_status":"closed","ping_status":"closed","template":"","meta":{"footnotes":""},"class_list":["post-26","page","type-page","status-publish","hentry"],"_links":{"self":[{"href":"https:\/\/slug.lindhesidan.se\/index.php?rest_route=\/wp\/v2\/pages\/26","targetHints":{"allow":["GET"]}}],"collection":[{"href":"https:\/\/slug.lindhesidan.se\/index.php?rest_route=\/wp\/v2\/pages"}],"about":[{"href":"https:\/\/slug.lindhesidan.se\/index.php?rest_route=\/wp\/v2\/types\/page"}],"author":[{"embeddable":true,"href":"https:\/\/slug.lindhesidan.se\/index.php?rest_route=\/wp\/v2\/users\/2"}],"replies":[{"embeddable":true,"href":"https:\/\/slug.lindhesidan.se\/index.php?rest_route=%2Fwp%2Fv2%2Fcomments&post=26"}],"version-history":[{"count":11,"href":"https:\/\/slug.lindhesidan.se\/index.php?rest_route=\/wp\/v2\/pages\/26\/revisions"}],"predecessor-version":[{"id":117,"href":"https:\/\/slug.lindhesidan.se\/index.php?rest_route=\/wp\/v2\/pages\/26\/revisions\/117"}],"up":[{"embeddable":true,"href":"https:\/\/slug.lindhesidan.se\/index.php?rest_route=\/wp\/v2\/pages\/157"}],"wp:attachment":[{"href":"https:\/\/slug.lindhesidan.se\/index.php?rest_route=%2Fwp%2Fv2%2Fmedia&parent=26"}],"curies":[{"name":"wp","href":"https:\/\/api.w.org\/{rel}","templated":true}]}}